igit of 2438765364?
4
What is the units digit of 121393463?
3
What is the thousands digit of 62848654?
8
What is the ten thousands digit of 1863725379?
2
What is the hundreds digit of 279510234?
2
What is the tens digit of 61646599?
9
What is the units digit of 189386874?
4
What is the hundred thousands digit of 744218967?
2
What is the ten millions digit of 131344739?
3
What is the units digit of 147017529?
9
What is the ten thousands digit of 1085418175?
1
What is the units digit of 374125219?
9
What is the hundreds digit of 9296990?
9
What is the tens digit of 13015193?
9
What is the hundred thousands digit of 1399423788?
4
What is the thousands digit of 6832756475?
6
What is the millions digit of 2128605040?
8
What is the millions digit of 24419286?
4
What is the millions digit of 3444894329?
4
What is the thousands digit of 42756103?
6
What is the ten millions digit of 59689636?
5
What is the ten millions digit of 41690323?
4
What is the hundred thousands digit of 2627143004?
1
What is the thousands digit of 1413383185?
3
What is the hundred millions digit of 121438711?
1
What is the thousands digit of 15162977?
2
What is the ten thousands digit of 6528059731?
5
What is the millions digit of 40232777?
0
What is the thousands digit of 533711211?
1
What is the thousands digit of 495880093?
0
What is the ten thousands digit of 4096416516?
1
What is the hundred thousands digit of 52539892?
5
What is the units digit of 135307582?
2
What is the thousands digit of 61026718?
6
What is the units digit of 34776945?
5
What is the ten millions digit of 218246386?
1
What is the tens digit of 56159176?
7
What is the hundreds digit of 286536410?
4
What is the millions digit of 725538780?
5
What is the tens digit of 62298864?
6
What is the hundred millions digit of 1930595948?
9
What is the ten millions digit of 13165308?
1
What is the units digit of 3217965?
5
What is the tens digit of 106551278?
7
What is the tens digit of 186045746?
4
What is the hundreds digit of 5097259319?
3
What is the thousands digit of 82923851?
3
What is the ten millions digit of 233625850?
3
What is the units digit of 484407030?
0
What is the hundreds digit of 7393269?
2
What is the ten millions digit of 283740320?
8
What is the billions digit of 3769237575?
3
What is the hundreds digit of 31208966?
9
What is the ten thousands digit of 41893549?
9
What is the hundred thousands digit of 235003675?
0
What is the ten thousands digit of 1740906532?
0
What is the hundred thousands digit of 216110643?
1
What is the ten millions digit of 1421598350?
2
What is the hundred millions digit of 500801019?
5
What is the hundred millions digit of 3128887446?
1
What is the hundreds digit of 19124440?
4
What is the tens digit of 16712811?
1
What is the ten millions digit of 435922721?
3
What is the hundreds digit of 455339304?
3
What is the thousands digit of 98342292?
2
What is the hundred millions digit of 2945009494?
9
What is the hundreds digit of 5772130175?
1
What is the hundred thousands digit of 467295779?
2
What is the ten thousands digit of 141668933?
6
What is the units digit of 68846100?
0
What is the tens digit of 291999653?
5
What is the thousands digit of 120157441?
7
What is the millions digit of 2787422839?
7
What is the ten thousands digit of 1211006199?
0
What is the millions digit of 35389052?
5
What is the ten millions digit of 266859231?
6
What is the tens digit of 47970260?
6
What is the hundred thousands digit of 44791276?
7
What is the hundreds digit of 449076560?
5
What is the millions digit of 326828978?
6
What is the tens digit of 2137918983?
8
What is the millions digit of 317258756?
7
What is the units digit of 414887932?
2
What is the millions digit of 1448414416?
8
What is the ten millions digit of 142691991?
4
What is the ten millions digit of 19413783?
1
What is the ten thousands digit of 69740538?
4
What is the thousands digit of 15914824?
4
What is the hundred thousands digit of 534908198?
9
What is the ten millions digit of 658205952?
5
What is the hundred millions digit of 296554227?
2
What is the ten millions digit of 5118363185?
1
What is the ten millions digit of 171838037?
7
What is the ten thousands digit of 4466084273?
8
What is the ten thousands digit of 11925748?
2
What is the units digit of 1951190048?
8
What is the thousands digit of 9377498?
7
What is the ten millions digit of 450610690?
5
What is the hundreds digit of 5645925093?
0
What is the hundred millions digit of 366958572?
3
What is the units digit of 26341914?
4
What is the millions digit of 2210887228?
0
What is the thousands digit of 687678159?
8
What is the millions digit of 466787449?
6
What is the hundred thousands digit of 203305292?
3
What is the tens digit of 55784258?
5
What is the units digit of 304347443?
3
What is the millions digit of 1242873141?
2
What is the units digit of 1335150634?
4
What is the tens digit of 18127471?
7
What is the hundred millions digit of 3010120151?
0
What is the hundred thousands digit of 829089?
8
What is the hundred millions digit of 104897811?
1
What is the units digit of 1129660430?
0
What is the ten thousands digit of 5017634192?
3
What is the ten thousands digit of 60906874?
0
What is the hundred thousands digit of 84964069?
9
What is the ten millions digit of 124993645?
2
What is the ten thousands digit of 1728576805?
7
What is the hundred thousands digit of 21243347?
2
What is the hundred thousands digit of 129387446?
3
What is the thousands digit of 1755019850?
9
What is the hundred thousands digit of 119482031?
4
What is the hundred thousands digit of 30739444?
7
What is the units digit of 65102375?
5
What is the hundred thousands digit of 559415452?
4
What is the thousands digit of 17118588?
8
What is the thousands digit of 47787536?
7
What is the tens digit of 596159914?
1
What is the ten thousands digit of 167541119?
4
What is the ten millions digit of 125016631?
2
What is the units digit of 248405236?
6
What is the tens digit of 122623880?
8
What is the units digit of 165923969?
9
What is the tens digit of 5814016235?
3
What is the hundred thousands digit of 26532365?
5
What is the tens digit of 55403239?
3
What is the thousands digit of 6570788?
0
What is the hundred thousands digit of 1090931909?
9
What is the ten millions digit of 12642551?
1
What is the tens digit of 74552894?
9
What is the hundreds digit of 231093450?
4
What is the millions digit of 520977830?
0
What is the tens digit of 52680319?
1
What is the hundred thousands digit of 296459244?
4
What is the hundreds digit of 48906208?
2
What is the ten millions digit of 1569031328?
6
What is the tens digit of 900578?
7
What is the millions digit of 782869568?
2
What is the millions digit of 50294458?
0
What is the ten millions digit of 67099768?
6
What is the units digit of 2811578730?
0
What is the hundred millions digit of 701979993?
7
What is the ten millions digit of 818385767?
1
What is the hundred thousands digit of 2032707012?
7
What is the hundred thousands digit of 31187254?
1
What is the ten millions digit of 4311344081?
1
What is the hundreds digit of 225584465?
4
What is the ten millions digit of 487395046?
8
What is the hundred thousands digit of 12401963?
4
What is the hundred thousands digit of 425820528?
8
What is the hundreds digit of 400324633?
6
What is the tens digit of 3438153863?
6
What is the ten thousands digit of 2055213382?
1
What is the thousands digit of 2612664671?
4
What is the ten thousands digit of 958952864?
5
What is the ten millions digit of 21722072?
2
What is the units digit of 312475148?
8
What is the hundred thousands digit of 294568766?
5
What is the ten millions digit of 1186178972?
8
What is the units digit of 101475684?
4
What is the millions digit of 1321940160?
1
What is the thousands digit of 595132391?
2
What is the tens digit of 186532185?
8
What is the ten thousands digit of 3421984355?
8
What is the thousands digit of 890007307?
7
What is the hundreds digit of 157780259?
2
What is the hundreds digit of 866337727?
7
What is the thousands digit of 4883031385?
1
What is the ten millions digit of 34227379?
3
What is the hundred thousands digit of 495744862?
7
What is the hundred millions digit of 380786905?
3
What is the hu